 greatest common factor of t and 96?
24
Let t(a) = -a**2 + 12*a - 35. Let d be t(5). Let f(b) = b**2 - 8*b + 6. Let p be f(d). What is the greatest common divisor of 192 and p?
6
Let x(c) = -c**2 + 31*c + 372. Let g be x(34). What is the highest common divisor of 870 and g?
30
Let f(b) = -b**3 - b**2 + 416. Let z be f(0). Let q(x) = x**2 + 23*x + 73. Let u be q(-20). Calculate the greatest common factor of u and z.
13
Let b(d) = d**3 - 10*d**2 + 5*d - 22. Let z be (-222)/(-21) + 8/(-14). Let w be b(z). What is the greatest common divisor of w and 70?
14
Let n(k) = k**3 + 2*k**2 - k - 1. Let x be n(-2). Let q = 2033 + -1993. Calculate the highest common divisor of x and q.
1
Suppose 0 = -x - g + 8, 0 = -2*x - 3*x + 4*g + 76. Suppose -423*r = -427*r + x. Calculate the highest common factor of r and 3.
3
Let z be 40/100 - 23/(-5). Suppose -z*d + 4*v + 180 = -v, 0 = 4*v. Let j = -28 - -32. Calculate the highest common divisor of j and d.
4
Let h(l) = -208*l + 525. Let j be h(6). Let y = j - -732. What is the greatest common factor of 3 and y?
3
Let q = 11922 - 11412. What is the greatest common divisor of q and 1054?
34
Let y = -162 - -167. Suppose f = y*q + 60, 3*f + 2*q + 16 = 145. Calculate the greatest common divisor of f and 5.
5
Let a = -2416 - -2421. Let w be ((-20)/4)/(2/(-2)). Suppose k - f + 1 = 0, -w*k + 2*k - 5 = -4*f. Calculate the highest common factor of k and a.
1
Let z = 651 - 343. Let o be ((-66)/(-10))/(z/(-105) + 3). Let m(a) = a**3 - 9*a**2 - 15*a - 11. Let x be m(11). Calculate the highest common factor of o and x.
33
Suppose -3*h + 2*h = 5*x - 49, 4*h + 2*x - 250 = 0. Let p = -76 - -156. Calculate the greatest common divisor of p and h.
16
Let j be (-27)/(2/((-4)/3)). Suppose -84*h - 1880 = -89*h. Let m = -322 + h. Calculate the greatest common divisor of m and j.
18
Suppose -2*r - 2*c = -3*r + 115, c = -2*r + 210. What is the highest common divisor of r and 2461?
107
Let l = -628 - -631. Suppose l*z = -2*f + 727, 3*f - 3*z + 4*z - 1101 = 0. What is the highest common factor of 69 and f?
23
Let m be 5 - (-7 - (0 + 20)). Suppose -l - 4*f - 7 = 0, f - m = -5*l + l. Calculate the greatest common divisor of 27 and l.
9
Let v be (-23452)/(-287) + 2/7. Let p = v - 69. Calculate the greatest common factor of p and 65.
13
Let y(p) be the second derivative of -p**5/20 + 5*p**4/3 - 37*p**3/6 + 15*p**2 + 5*p - 1. Let d be y(18). Calculate the highest common divisor of d and 6.
6
Suppose -l = -135 + 137, 4*o - 14 = -3*l. What is the highest common divisor of 265 and o?
5
Let o = 150 + -46. Suppose -5*i = -4*l - i + 396, -2*i - o = -l. Calculate the greatest common factor of l and 235.
47
Let q be (108/21)/(((-585)/5278)/(-15)). Calculate the greatest common factor of q and 408.
24
Suppose 0 = 9*p - 15 - 48. Suppose -p*n + 173 + 751 = 0. Calculate the highest common factor of 12 and n.
12
Let o be (6 - 3 - -11) + 628. What is the greatest common divisor of 12 and o?
6
Let t = 4641 + -3657. What is the highest common factor of 36 and t?
12
Let t be (2/8)/1*1694*40/140. Let o be (-50)/(-4)*(-1 - -5). Suppose -m = -4*w + 2*m + o, 38 = 4*w + 3*m. Calculate the highest common factor of t and w.
11
Let i = 4395 - 4383. Let a(p) = 36*p**3 + p - 1. Let n be a(1). What is the greatest common factor of i and n?
12
Suppose -p - 14 = p + 5*n, n = -4. Let m(k) = -20 + 19 - 9*k - 25 - p*k. Let l be m(-5). Calculate the greatest common factor of 17 and l.
17
Suppose -4*f = -3*i + 81, -35*f - 47 = -2*i - 30*f. What is the greatest common factor of 3503 and i?
31
Suppose 105 = -4*y - 3*y. Let p = y + 16. Let f be 10 + 0 + 0/p. Calculate the highest common divisor of 10 and f.
10
Let y be ((-65720)/(-32))/((-65)/(-104)). Calculate the greatest common divisor of 53 and y.
53
Suppose 9*t = 393 + 39. What is the greatest common divisor of 98 and t?
2
Let p be (-18)/(-8)*4/3. Let n(i) = -i**2 + 7*i + 16. Let d be n(8). Let g be -1*2 - (4 - d) - -37. Calculate the highest common factor of p and g.
3
Let u be (31/(434/462))/(3/71) + 2. What is the highest common divisor of 203 and u?
29
Let i(r) = 8*r**3 + r**2 - 8*r + 16. Let j be i(2). What is the highest common divisor of j and 12?
4
Let q(b) = b**2 - 29*b + 8. Let z be q(-8). Let i = 316 - z. What is the highest common factor of i and 270?
6
Let g(c) = c**2 + 10*c - 26. Let x be g(-12). Let j be x/((-4)/(-5))*5772/(-1110). What is the greatest common factor of 585 and j?
13
Let m = 40661 - 40620. Calculate the highest common divisor of m and 3157.
41
Let q = -5 - -10. Suppose -z + 2*z - 10 = 2*l, q = -3*z - l. Suppose -4*v + h + 2*h + 17 = z, -18 = -v - 2*h. Calculate the highest common factor of 2 and v.
2
Suppose -2 = -2*f - q, -5*f - 2*q + 27 = -5*q. Suppose -3*j + 76 = -2*r, 2*r - 128 + 60 = -f*j. Calculate the greatest common factor of j and 18.
6
Let c be 37 - (2*-1 + 1). Let a(p) = -18*p - 6*p - 6*p - 12*p + 356 + 29*p. Let f be a(23). What is the greatest common factor of c and f?
19
Suppose p - k = 469, 18*p - 23*p = 2*k - 2373. What is the highest common divisor of 143 and p?
11
Let v(a) = -a**2 - 14*a + 12. Let o be v(-11). Let x(p) = -3*p - 170 + 186 + 4*p. Let r be x(-11). What is the greatest common factor of o and r?
5
Suppose -108 = -40*o + 732. Calculate the greatest common divisor of o and 119.
7
Let j(h) = h + 137. Let m be j(26). Suppose m + 35 = 9*i. Calculate the greatest common factor of i and 638.
22
Let u(a) = 8*a**2 + 34*a. Suppose 0 = -15*l - 144 - 21. Let q be u(l). What is the greatest common factor of q and 54?
54
Let r be 1005215/230 + (-3)/6. Calculate the greatest common factor of 690 and r.
230
Suppose -5*z + 71*z - 86240 = -32*z. Calculate the greatest common divisor of 360 and z.
40
Suppose -g + 5 = -2. Suppose -11*z - 4275 = -17574. Suppose 0 = -11*p - 362 + z. What is the greatest common factor of g and p?
7
Let g(z) = -7*z - 284. Let a be g(-41). Let k = 11 + -1. Suppose 0 = -2*s + 44 + k. Calculate the greatest common divisor of s and a.
3
Suppose -1347 = -88*g + 5*g + 5957. What is the greatest common divisor of g and 3058?
22
Let j = 1704 - 1685. Calculate the greatest common factor of 1273 and j.
19
Let v(x) = -x**2 - 8*x + 0*x - 12 - 5*x + 0*x. Let w be v(-12). Suppose -i - 2*c - 2 = -0, w = -4*i - c + 13. What is the greatest common factor of i and 44?
4
Let t be (33 + -2)/(-23 + 24). Calculate the greatest common factor of 713 and t.
31
Let n be 40/(-12)*3/(-2). Suppose -2*b + 54 + 2 = 2*o, 0 = n*o - 20. What is the greatest common divisor of 96 and b?
24
Suppose -2553 = -64*r - 3187 + 86074. What is the highest common factor of 75 and r?
15
Let y(t) = 2*t**2 - 21*t - 324. Let w be y(27). Calculate the greatest common divisor of w and 105.
21
Let p = -151 + 142. Let z be p/2 + 5 + 318/4. What is the greatest common divisor of 128 and z?
16
Let h be (8 - 76/8)/((-2)/4). Let a be (-10664)/(-26) - 8/156*h. Calculate the highest common factor of a and 10.
10
Suppose -4*b = -2606 + 2538. Let g(h) = -h**2 - 6*h + 4. Let m be g(-6). Let s be 12*(30/m - -1). What is the highest common factor of b and s?
17
Let d(y) = -9*y - 2. Let j be d(-6). Let w = 21852 - 21683. Calculate the greatest common factor of w and j.
13
Let m be 670/4*(-216)/(-324)*3. Calculate the greatest common divisor of 20 and m.
5
Suppose 4*l - 4928 = -4*h, -71*l + 66*l + 6167 = -2*h. Calculate the highest common factor of l and 18.
9
Let z = 91 + -93. Let t(q) = -6*q**3 - 3*q**2 - 2*q - 4. Let m be t(z). What is the highest common divisor of 96 and m?
12
Let b be 816/102 - (-1587 + (4 - 2)). Calculate the highest common factor of b and 59.
59
Suppose -25 = 2*h + h - m, 2 = 2*m. Let c be 10 + h - 3*2. Let a be 3/2*c/(-6). Calculate the highest common factor of 8 and a.
1
Suppose -6*n + 7*n = 0, n + 246 = 5*w - 4649. Calculate the greatest common factor of 623 and w.
89
Let u(v) = 370*v**2 - 9*v + 6. Let p be u(1). Let j = 416 - p. What is the greatest common factor of 7 and j?
7
Let v be 1*2*21/(-6). Let k be 2/3 - v/21. Let m = 30 + -22. Calculate the greatest common divisor of k and m.
1
Let w(k) = 3*k**2 + 11*k - 10. Let n be w(-11). Let b be 3 - -1 - (0 + -4). Calculate the greatest common divisor of b and n.
8
Suppose -28*j + 15931 = 811. Let n = j - 388. What is the highest common divisor o